 prime factors of 104412.
2, 3, 7, 11, 113
What are the prime factors of 22495?
5, 11, 409
What are the prime factors of 11207?
7, 1601
What are the prime factors of 3907?
3907
What are the prime factors of 6909?
3, 7, 47
List the prime factors of 16679.
13, 1283
List the prime factors of 2356.
2, 19, 31
List the prime factors of 102559.
102559
List the prime factors of 6529.
6529
List the prime factors of 33869.
11, 3079
What are the prime factors of 7855?
5, 1571
What are the prime factors of 7824?
2, 3, 163
List the prime factors of 707.
7, 101
List the prime factors of 4881.
3, 1627
What are the prime factors of 8893?
8893
What are the prime factors of 26527?
41, 647
List the prime factors of 8768.
2, 137
List the prime factors of 263.
263
What are the prime factors of 8950?
2, 5, 179
List the prime factors of 15018.
2, 3, 2503
What are the prime factors of 1983?
3, 661
What are the prime factors of 10319?
17, 607
What are the prime factors of 34634?
2, 17317
What are the prime factors of 5120?
2, 5
What are the prime factors of 370?
2, 5, 37
What are the prime factors of 55?
5, 11
What are the prime factors of 1405?
5, 281
What are the prime factors of 1421?
7, 29
What are the prime factors of 1717?
17, 101
What are the prime factors of 169?
13
What are the prime factors of 3695?
5, 739
What are the prime factors of 683?
683
What are the prime factors of 31996?
2, 19, 421
What are the prime factors of 30934?
2, 15467
List the prime factors of 60253.
89, 677
List the prime factors of 1646.
2, 823
What are the prime factors of 60165?
3, 5, 7, 191
What are the prime factors of 9257?
9257
What are the prime factors of 2319?
3, 773
What are the prime factors of 28846?
2, 14423
What are the prime factors of 482?
2, 241
What are the prime factors of 19114?
2, 19, 503
What are the prime factors of 72191?
7, 10313
List the prime factors of 200.
2, 5
What are the prime factors of 4600?
2, 5, 23
List the prime factors of 652.
2, 163
What are the prime factors of 74299?
191, 389
List the prime factors of 27844.
2, 6961
List the prime factors of 60386.
2, 109, 277
What are the prime factors of 37895?
5, 11, 13, 53
List the prime factors of 54480.
2, 3, 5, 227
What are the prime factors of 20097?
3, 7, 11, 29
List the prime factors of 78683.
11, 23, 311
What are the prime factors of 49622?
2, 43, 577
What are the prime factors of 1580?
2, 5, 79
List the prime factors of 8119.
23, 353
List the prime factors of 367.
367
What are the prime factors of 4187?
53, 79
List the prime factors of 2720.
2, 5, 17
What are the prime factors of 22615?
5, 4523
What are the prime factors of 7947?
3, 883
List the prime factors of 843.
3, 281
List the prime factors of 137.
137
List the prime factors of 2218.
2, 1109
What are the prime factors of 164346?
2, 3, 7, 13, 43
What are the prime factors of 2697?
3, 29, 31
List the prime factors of 4161.
3, 19, 73
What are the prime factors of 111254?
2, 11, 13, 389
What are the prime factors of 1017?
3, 113
What are the prime factors of 4485?
3, 5, 13, 23
What are the prime factors of 3356?
2, 839
What are the prime factors of 1519?
7, 31
What are the prime factors of 2269?
2269
What are the prime factors of 5602?
2, 2801
List the prime factors of 997.
997
List the prime factors of 1839.
3, 613
What are the prime factors of 6046?
2, 3023
List the prime factors of 10959.
3, 13, 281
What are the prime factors of 8563?
8563
What are the prime factors of 83921?
83921
What are the prime factors of 5448?
2, 3, 227
List the prime factors of 110.
2, 5, 11
What are the prime factors of 52?
2, 13
What are the prime factors of 996?
2, 3, 83
What are the prime factors of 50474?
2, 25237
List the prime factors of 357.
3, 7, 17
List the prime factors of 113.
113
List the prime factors of 743.
743
List the prime factors of 613.
613
What are the prime factors of 6164?
2, 23, 67
List the prime factors of 1905.
3, 5, 127
List the prime factors of 9307.
41, 227
What are the prime factors of 105558?
2, 3, 73, 241
What are the prime factors of 148?
2, 37
List the prime factors of 45834.
2, 3, 7639
List the prime factors of 53689.
53, 1013
What are the prime factors of 98100?
2, 3, 5, 109
What are the prime factors of 902?
2, 11, 41
List the prime factors of 2670.
2, 3, 5, 89
List the prime factors of 87698.
2, 13, 3373
List the prime factors of 90286.
2, 7, 6449
What are the prime factors of 6489?
3, 7, 103
List the prime factors of 1069.
1069
List the prime factors of 13065.
3, 5, 13, 67
List the prime factors of 24197.
24197
List the prime factors of 2154.
2, 3, 359
What are the prime factors of 2180?
2, 5, 109
List the prime factors of 25275.
3, 5, 337
What are the prime factors of 344?
2, 43
What are the prime factors of 4274?
2, 2137
List the prime factors of 566.
2, 283
What are the prime factors of 1872?
2, 3, 13
List the prime factors of 905.
5, 181
List the prime factors of 3545.
5, 709
List the prime factors of 39805.
5, 19, 419
List the prime factors of 17688.
2, 3, 11, 67
What are the prime factors of 62799?
3, 11, 173
What are the prime factors of 31008?
2, 3, 17, 19
What are the prime factors of 7329?
3, 7, 349
List the prime factors of 16385.
5, 29, 113
What are the prime factors of 61767?
3, 6863
List the prime factors of 4537.
13, 349
What are the prime factors of 9680?
2, 5, 11
What are the prime factors of 87359?
87359
List the prime factors of 409.
409
List the prime factors of 1651.
13, 127
List the prime factors of 2361.
3, 787
List the prime factors of 1040.
2, 5, 13
What are the prime factors of 23581?
23581
What are the prime factors of 873?
3, 97
List the prime factors of 7882.
2, 7, 563
List the prime factors of 25962.
2, 3, 4327
What are the prime factors of 1407?
3, 7, 67
List the prime factors of 31011.
3, 10337
What are the prime factors of 48630?
2, 3, 5, 1621
List the prime factors of 22591.
19, 29, 41
What are the prime factors of 15001?
7, 2143
What are the prime factors of 15869?
7, 2267
What are the prime factors of 15004?
2, 11, 31
What are the prime factors of 5533?
11, 503
What are the prime factors of 10781?
10781
What are the prime factors of 5588?
2, 11, 127
List the prime factors of 18945.
3, 5, 421
List the prime factors of 57029.
7, 8147
What are the prime factors of 2471?
7, 353
What are the prime factors of 13425?
3, 5, 179
What are the prime factors of 2561?
13, 197
What are the prime factors of 10993?
10993
What are the prime factors of 291?
3, 97
List the prime factors of 732.
2, 3, 61
List the prime factors of 3016.
2, 13, 29
List the prime factors of 80702.
2, 40351
What are the prime factors of 18884?
2, 4721
List the prime factors of 86588.
2, 21647
What are the prime factors of 1541?
23, 67
List the prime factors of 2188.
2, 547
List the prime factors of 6021.
3, 223
What are the prime factors of 7113?
3, 2371
List the prime factors of 9915.
3, 5, 661
List the prime factors of 1994.
2, 997
What are the prime factors of 94710?
2, 3, 5, 7, 11, 41
List the prime factors of 279.
3, 31
List the prime factors of 45072.
2, 3, 313
What are the prime factors of 81185?
5, 13, 1249
What are the prime factors of 41107?
11, 37, 101
What are the prime factors of 849?
3, 283
List the prime factors of 14656.
2, 229
What are the prime factors of 3368?
2, 421
What are the prime factors of 20710?
2, 5, 19, 109
What are the prime factors of 28058?
2, 14029
What are the prime factors of 88979?
11, 8089
What are the prime factors of 1052?
2, 263
What are the prime factors of 3605?
5, 7, 103
List the prime factors of 11437.
11437
What are the prime factors of 30604?
2, 7, 1093
List the prime factors of 8408.
2, 1051
List the prime factors of 5479.
5479
What are the prime factors of 11296?
2, 353
What are the prime factors of 15981?
3, 7, 761
What are the prime factors of 1826?
2, 11, 83
List the prime factors of 69977.
19, 29, 127
What are the prime factors of 119583?
3, 43, 103
List the prime factors of 34163.
127, 269
What are the prime factors of 68917?
68917
List the prime factors of 1615.
5, 17, 19
What are the prime factors of 36798?
2, 3, 6133
List the prime factors of 16988.
2, 31, 137
What are the prime factors of 10694?
2, 5347
List the prime factors of 15385.
5, 17, 181
List the prime factors of 71.
7